tor of 14241843?
False
Is 55 a factor of 20093700?
True
Is 13225745 a multiple of 65?
True
Is 16 a factor of 89493888?
True
Does 3898 divide 1878045798?
False
Is 22787146 a multiple of 10?
False
Is 202061884 a multiple of 23?
False
Is 1536 a factor of 1652890090?
False
Is 563352018 a multiple of 34?
True
Is 7 a factor of 174492367?
True
Does 188 divide 613747576?
False
Is 10 a factor of 30561640?
True
Does 949 divide 82269047?
False
Does 1459 divide 19956333?
False
Is 65 a factor of 513993285?
True
Is 185 a factor of 15177030?
True
Is 29273511 a multiple of 2?
False
Is 101953284 a multiple of 1348?
True
Is 557208 a multiple of 7?
False
Is 148799181 a multiple of 1981?
False
Is 111098324 a multiple of 393?
False
Does 342 divide 13106343?
False
Is 18 a factor of 82944940?
False
Does 335 divide 54899800?
True
Does 2221 divide 985557645?
True
Is 959 a factor of 31454241?
True
Is 601 a factor of 28395447?
True
Is 135 a factor of 6543181589?
False
Is 1463717918 a multiple of 17?
True
Is 51 a factor of 659013330?
True
Does 13 divide 165652773?
True
Is 13990777 a multiple of 570?
False
Does 54 divide 14590260?
True
Is 146 a factor of 8271600?
False
Does 3099 divide 706485228?
True
Is 149033304 a multiple of 196?
True
Does 158 divide 43704064?
True
Is 46 a factor of 14177902?
False
Does 54 divide 2209956?
False
Does 4 divide 5266637?
False
Is 165354385 a multiple of 22?
False
Does 358 divide 1365527992?
True
Is 1695456 a multiple of 9?
True
Is 222705443 a multiple of 161?
False
Is 155637350 a multiple of 50?
True
Is 728671626 a multiple of 9?
True
Is 109893262 a multiple of 256?
False
Is 784 a factor of 15774080?
True
Does 2442 divide 338908086?
True
Is 12416 a factor of 995840322?
False
Is 22560043 a multiple of 11?
True
Does 6 divide 20778270?
True
Is 115 a factor of 3100372884?
False
Is 62 a factor of 4595260262?
True
Is 448057169 a multiple of 145?
False
Is 55940839 a multiple of 4003?
False
Is 73 a factor of 92751928?
False
Is 1809120540 a multiple of 237?
True
Is 170981494 a multiple of 874?
True
Is 39 a factor of 902878353?
True
Does 2263 divide 1669566721?
True
Is 81891015 a multiple of 973?
False
Is 10066079 a multiple of 400?
False
Is 1411616 a multiple of 4?
True
Does 82 divide 27271560?
True
Is 21829120 a multiple of 20?
True
Is 2962 a factor of 5938709292?
True
Is 772 a factor of 696312348?
True
Is 670139953 a multiple of 14?
False
Is 90488995 a multiple of 17?
False
Does 134 divide 674245996?
False
Is 151 a factor of 188222101?
False
Is 1269 a factor of 22872456?
True
Is 59765804 a multiple of 35?
False
Is 612 a factor of 7100424?
True
Does 394 divide 818446952?
False
Is 668197215 a multiple of 9?
True
Is 3 a factor of 102739722?
True
Is 11 a factor of 123575879?
False
Does 1527 divide 4138170?
True
Does 2653 divide 276209754?
False
Does 126 divide 110821909?
False
Does 17 divide 174613205?
True
Is 9 a factor of 335293677?
True
Is 1170806391 a multiple of 19?
True
Does 8148 divide 2726271912?
True
Is 141 a factor of 76417291?
False
Does 95 divide 43161727?
False
Does 10 divide 1915322472?
False
Is 131 a factor of 46674924?
False
Does 121 divide 3795102564?
True
Is 133999918 a multiple of 26?
True
Is 27 a factor of 226033508?
False
Is 20 a factor of 2460102320?
True
Does 77 divide 1885733027?
False
Does 216 divide 38573940?
False
Is 211904405 a multiple of 1691?
False
Does 3 divide 834514702?
False
Does 3 divide 19724182?
False
Does 358 divide 602795190?
False
Is 24 a factor of 4587913?
False
Is 2120401 a multiple of 433?
True
Is 1072811828 a multiple of 130?
False
Is 89 a factor of 5172993362?
False
Is 636632679 a multiple of 201?
False
Is 5341 a factor of 7459021619?
True
Is 235865616 a multiple of 42?
True
Is 23 a factor of 29459709?
False
Is 228052863 a multiple of 1216?
False
Is 88717340 a multiple of 14?
False
Is 85 a factor of 1301469085?
True
Is 2981462 a multiple of 106?
True
Is 1159 a factor of 96109203?
False
Does 708 divide 2040008433?
False
Does 63 divide 609290299?
False
Is 70 a factor of 34638372?
False
Is 21362792 a multiple of 88?
True
Is 29 a factor of 32203746?
True
Is 411178524 a multiple of 1356?
True
Does 3 divide 27047265?
True
Is 198 a factor of 34703925?
False
Does 47 divide 17875745?
True
Does 5196 divide 808705440?
True
Is 5340 a factor of 254808780?
True
Is 308 a factor of 1763926472?
True
Does 509 divide 52311452?
False
Is 4578195576 a multiple of 732?
False
Does 41 divide 31271210?
False
Is 25469892 a multiple of 5721?
True
Does 389 divide 791218891?
False
Does 52 divide 136738733?
False
Is 615 a factor of 65371460?
False
Is 641646163 a multiple of 1194?
False
Is 15 a factor of 17600370?
True
Is 55636479 a multiple of 64?
False
Does 2270 divide 15840060?
True
Is 512 a factor of 149738775?
False
Is 30 a factor of 1113218778?
False
Is 25859197 a multiple of 5?
False
Does 1272 divide 3359407394?
False
Does 30 divide 615234660?
True
Is 3844278 a multiple of 61?
False
Is 291312 a multiple of 84?
True
Does 294 divide 1234740318?
True
Is 3273244149 a multiple of 161?
True
Does 31 divide 56499670?
True
Does 155 divide 6670425?
True
Is 1615355824 a multiple of 26?
False
Is 32014885 a multiple of 7?
True
Is 243607298 a multiple of 40?
False
Is 294035280 a multiple of 42?
True
Is 474 a factor of 36880044?
True
Is 1055 a factor of 364622770?
True
Is 50192018 a multiple of 484?
False
Does 48 divide 1788292?
False
Is 24 a factor of 117091704?
True
Is 5 a factor of 207599778?
False
Does 367 divide 351554805?
True
Is 599 a factor of 28054739?
False
Does 6 divide 30683958?
True
Is 19786957 a multiple of 16?
False
Does 8 divide 119872256?
True
Is 1154441637 a multiple of 3063?
True
Is 36991522 a multiple of 610?
False
Is 4426432800 a multiple of 408?
True
Does 2550 divide 81546450?
True
Is 699 a factor of 66150564?
True
Does 2305 divide 59918323?
False
Is 199 a factor of 7198111?
False
Does 496 divide 143652057?
False
Does 3063 divide 1819317858?
True
Does 4 divide 42255525?
False
Is 324 a factor of 45627579?
False
Does 2 divide 13446250?
True
Is 27 a factor of 22601075?
False
Is 30550752 a multiple of 423?
True
Is 7596257 a multiple of 3?
False
Is 26 a factor of 61812283?
False
Is 192 a factor of 574560768?
True
Does 5411 divide 4225725861?
True
Is 43261975 a multiple of 207?
False
Is 123 a factor of 234562353?
True
Is 814917348 a multiple of 532?
False
Is 33555760 a multiple of 112?
True
Does 7 divide 105866404?
True
Is 133 a factor of 99861490?
False
Does 8 divide 2537829205?
False
Does 50 divide 22334785?
False
Does 71 divide 3490948661?
True
Is 754 a factor of 328899324?
True
Does 38 divide 117176344?
True
Is 59 a factor of 18921727?
False
Is 9500499 a multiple of 319?
False
Is 248945280 a multiple of 1160?
True
Is 119 a factor of 165545501?
False
Is 3401 a factor of 396709645?
True
Is 321701567 a multiple of 1115?
False
Does 1041 divide 84975009?
False
Does 654 divide 122330700?
True
Is 47753532 a multiple of 18?
True
Does 497 divide 19276145?
True
Does 1463 divide 3894980012?
True
Is 394398621 a multiple of 67?
False
Is 19 a factor of 361484158?
True
Is 4196 a factor of 641726949?
False
Is 125784300 a multiple of 75?
True
Is 101210689 a multiple of 55?
False
Is 21112388 a multiple of 11?
True
Is 1463 a factor of 34090826?
True
Is 151 a factor of 101594093?
False
Is 130 a factor of 4484097177?
False
Is 1497 a factor of 151702986?
True
Is 576 a factor of 27989568?
True
Does 10 divide 862305?
False
Is 64131174 a multiple of 76?
False
Does 13 divide 1199513779?
False
Is 18 a factor of 361756858?
False
Is 832 a factor of 580261484?
False
Is 194 a factor of 119999088?
True
Is 21 a factor of 654903768?
False
Is 60 a factor of 49356480?
True
Does 506 divide 39603450?
False
Does 197 divide 1693716168?
True
Is 90558820 a multiple of 484?
True
Does 1594 divide 1727038428?
True
Is 74612795 a multiple of 60?
False
Is 436 a factor of 1364082680?
True
Does 265 divide 3594070980?
True
Is 45939797 a multiple of 30?
False
Does 41 divide 169506915?
True
Is 14 a factor of 1843726667?
False
Is 175 a factor of 214963149?
False
Is 326838 a multiple of 41?
False
Does 26 divide 6131762?
True
Is 1845 a factor of 9089767?
False
Is 99 a factor of 173399589?
True
Does 50 divide 39336235?
False
Is 578 a factor of 11027084?
True
Does 25 divide 12